 + 7. Let p(y) = f*y - 4 + y - 3*y. What is the units digit of p(5)?
1
What is the tens digit of 44*5/(20/3)?
3
Suppose 4*x = 2*t - 6*t - 16, -3*x + 16 = -4*t. Suppose -2*n + 2 = -x*n. What is the units digit of n?
1
Let q = -4 - -5. Suppose o - q = -3. What is the units digit of o/((-2 - -1) + -1)?
1
Let k = 8 - 6. Let f(h) = -h + k + h - 2*h. What is the units digit of f(-2)?
6
Let j = 10 - 4. Suppose -3*r = 0, 0*p - 2*p - 4*r = -j. Suppose 3*u - p*s = 39, -5*s = -2*u - 2*u + 57. What is the units digit of u?
8
Let r(p) = p - 7. Let u be r(9). Suppose -u*b + 40 = 3*b. Let y = -7 + b. What is the units digit of y?
1
Suppose -5*a + 310 = -4*z, 5*z = 4*a - 140 - 108. What is the units digit of a?
2
Let x(g) = -g**3 - 8*g**2 - 9*g - 9. Let s be x(-7). Suppose 4*l - s = 3*l. What is the units digit of l?
5
Let c = -322 + 562. What is the hundreds digit of c?
2
Let z(g) = -g**2 - 17*g - 35. What is the units digit of z(-10)?
5
Let a(x) = -x + 1. Let l be a(0). Let w be (-2 - -2) + 2*l. Suppose -45 + 17 = -w*h. What is the units digit of h?
4
Suppose 3*p + 54 = 6*p. What is the tens digit of p?
1
Let r be (5 + -6)*(0 - -1). Let b be r/(3/27)*2. Let d = 33 + b. What is the units digit of d?
5
Let a(r) = 8 - r - 4*r + 2*r**2 - 4. Let v(f) = f**2 - 9*f - 7. Let p be v(10). What is the units digit of a(p)?
7
Suppose 0 = 3*k - 4*l + 4, 0 = -k + 2*l - 4*l - 8. Let r = 6 + k. What is the units digit of r?
2
Suppose -311 - 202 = -3*u. What is the units digit of u?
1
Suppose -5*q - r + 122 = 0, -2*q + 0*r + 50 = r. What is the tens digit of q?
2
Let t(d) = d - 3. Let u be t(-6). Suppose 2*k = k - 6. What is the units digit of (-31)/(-3) + k/u?
1
Let p = 1 - 1. Suppose 35 = -p*t + 5*t. What is the units digit of t?
7
Suppose -4*h + 130 = h. What is the units digit of h?
6
Let q(f) be the first derivative of f**4/4 + 7*f**3/3 - 9*f**2/2 + 5*f + 5. What is the tens digit of q(-8)?
1
Suppose 2*d = -2*i + 4*i + 66, 5*d - 3*i - 167 = 0. What is the units digit of d?
4
Let d(z) = -z**3 - 5*z**2 - 3*z + 4. Let k be d(-4). Let o = 13 - k. What is the tens digit of o?
1
Let a be ((-2)/4)/(1/(-2)). Let n be a - 11 - (-1)/1. Let o = 20 + n. What is the tens digit of o?
1
Let m = -15 - -21. Let z(j) = 2*j + 1. What is the units digit of z(m)?
3
What is the units digit of 3 - 3*(2 + -3)?
6
What is the units digit of -4 + (20/5 - -24)?
4
Let k(j) = 13*j - 65. What is the hundreds digit of k(15)?
1
Suppose 0 = 4*h - 3*c - 431, -h + 6*c - 9*c + 104 = 0. What is the units digit of h?
7
Let x = 3 - -188. What is the hundreds digit of x?
1
Let o(m) = 2*m**3 - 3*m**2 + 2*m - 1. Let k = -2 - -5. What is the units digit of o(k)?
2
Let z(t) = 2*t - 4*t**3 - 2*t**2 - 2*t**3 + 5*t**3 + 3*t. Let x be z(-5). Suppose 2*n = -n - 4*j + x, -15 = -3*j. What is the units digit of n?
0
Let y = 136 + -55. What is the tens digit of y?
8
Suppose -2*i - r + 475 = i, 0 = -5*r - 25. What is the units digit of i?
0
Let c(b) = -b**2 + 7*b - 2. Let l(n) = -n + 11. Let h be l(8). Suppose -15 = h*y - 6*y. What is the units digit of c(y)?
8
What is the units digit of 48/2*(-1 - -2)?
4
Suppose -4*z + 56 = 20. Let r(f) = -f**2 + 12*f - 4. What is the units digit of r(z)?
3
Suppose 0*y = 4*y + 16, 3*y = -3*t - 3. Suppose l + 16 = f, 5*l + 36 + 20 = t*f. What is the units digit of f?
2
Let w(t) = t - 1. Let i(q) = 2*q - 13. Let l(p) = i(p) - 3*w(p). Let a be l(-7). Let f = 10 - a. What is the units digit of f?
3
What is the hundreds digit of ((-192)/9)/((-5)/30)?
1
Let y(k) = k + 1. Let w(l) = -2*l - 4. Let p(r) = -w(r) + 2*y(r). What is the tens digit of p(12)?
5
Let o(n) be the first derivative of -1/2*n**2 + 2 + 5*n + 0*n**3 - 1/4*n**4. What is the units digit of o(0)?
5
Let y be (16/(-28) - 2)*-7. What is the units digit of (4/(-6))/((-2)/y)?
6
Suppose 3*w + w + 20 = 0. Let f be 2/(-4)*2 - w. What is the units digit of (f/(-10))/((-1)/10)?
4
Let c = -287 + 495. What is the hundreds digit of c?
2
Suppose 4*f + 199 + 73 = 0. Let q = f - -97. What is the units digit of q?
9
Let a be 468/30*(-20)/(-6). Suppose 0 = 2*h + 5*f + 25, -h + 5*f + 25 = h. Suppose h = -4*x + 3*m + a - 10, -5*m = x + 1. What is the units digit of x?
9
Let y(k) = 2*k**2 - 4*k - 5. What is the tens digit of y(-8)?
5
Let l = 34 + -4. Let r = l - 16. What is the tens digit of r?
1
Let t be ((-45)/6)/(1/(-2)). Let z = -5 + t. What is the units digit of z?
0
Let t be (-621)/(-5) - (-2)/(-10). What is the units digit of -2*t/(-8) - 3?
8
Suppose 2*v + 4*t = 326, 2*v - 17 = 3*t + 274. What is the units digit of v?
3
Suppose -3*g + 15 = 3. Suppose 3*a + 23 = 146. Suppose g*n - 51 = -t, -4*n - 2*t + a = t. What is the units digit of n?
4
Suppose -2*c + 2 = 0, -3*c = 2*w - 0 - 5. Suppose 4*i = 2*z + 52, 0 = -z - 3 + w. What is the tens digit of i?
1
Suppose 6*k = k - q + 69, 0 = 5*k + 3*q - 67. Let u = k - 11. What is the units digit of u?
3
What is the units digit of (-2)/3 - (2 + 618/(-9))?
6
Suppose -p - 2*p - 73 = 5*w, w = -2*p - 9. Let q = w + 23. What is the units digit of q?
6
What is the units digit of (-3)/(-6)*-3*(-428)/3?
4
Let o(t) = -2*t + 2. Let g be o(4). Let p(z) = 0*z + 4 - 7*z**2 + 0*z - 6*z - z**3. What is the units digit of p(g)?
4
What is the tens digit of 24/20*850/15?
6
Suppose -9 = -3*m - 3. Suppose -5*s + 4 = m*y - 3, 3*s = -y + 4. Suppose p - s = 8. What is the units digit of p?
9
Suppose 30 = -3*y + 8*y. Suppose -y*j + 335 = -j. Suppose 4*i - t = j, -4*i + 2*i = -t - 35. What is the units digit of i?
6
Let n = 123 + -106. What is the units digit of n?
7
Let n(p) = p + 6. Let x be n(-4). Let c(s) = -s**2 + 3*s. Let o be c(x). What is the units digit of o - 0/(-1 - 2)?
2
Suppose 9 - 4 = h. Suppose h*m - 13 = 12. What is the units digit of m?
5
Let k(c) = -6*c - 15. What is the units digit of k(-7)?
7
Suppose -5*w = -4*x + 161 - 702, 0 = 4*w - 3*x - 432. What is the hundreds digit of w?
1
Let i(q) = -q**2 + 11*q - 25. What is the units digit of i(7)?
3
Let p(t) be the third derivative of -t**4/24 + t**3/6 + 6*t**2. What is the units digit of p(-4)?
5
What is the units digit of (-2)/6*(-2925)/13?
5
Let p = 22 + -22. Suppose -g - 1 = p, v - 4*g = -2*v + 7. What is the units digit of v?
1
Suppose -4*q - 1 + 9 = 0. Let d = 24 - -10. Suppose -d + 14 = -q*g. What is the units digit of g?
0
Let v(c) = -c - 7. Let o be v(-6). Let z = o + 12. What is the tens digit of z?
1
Suppose -5*q + 27 + 47 = -3*m, 2*m = -q + 20. What is the tens digit of q?
1
Let j(y) = y**2 + y + 372. What is the hundreds digit of j(0)?
3
Suppose 5*f = 31 + 9. What is the units digit of f?
8
Suppose 0 = -h - 3*j + 2*j + 114, -3*j = 9. What is the units digit of h?
7
Suppose -2*z - 2*z = -4. Suppose -2*o + 5*x - 9 = 15, 0 = -5*o + 2*x - 60. What is the units digit of (o/3)/(-2) + z?
3
Suppose 0 = 4*y - 6*c + c - 312, -2*c - 154 = -2*y. What is the units digit of y?
3
Let v = -7 + 12. Suppose 4*h = 3*x + 10, -3*h - 4*x - v = -25. Suppose 5*m - h = 56. What is the units digit of m?
2
Suppose -3*t + 105 = -114. What is the units digit of t?
3
Let n be (-4)/(-12) - (-23)/3. Let w be 0*3/(-6) + n. Suppose 4*b = 2*i - 24, i - w*b - 24 = -3*b. What is the units digit of i?
4
Let m(t) = 28*t**2. Let w be m(-1). Suppose g = -3*g - 16, 0 = -2*y + 5*g + w. What is the units digit of (-88)/(-14) + y/(-14)?
6
Let m(y) = y**3 - 2*y - 1. Let q be m(-2). Let a = 12 + q. What is the units digit of a?
7
Let k = -18 - -18. Suppose 2*j + k - 10 = 0. What is the units digit of j?
5
Suppose k + 2*p - 261 = 0, 6*p - 3*p = 0. What is the tens digit of k?
6
What is the tens digit of 9/12 - (-404)/16?
2
Let g be (2/(-3))/(1/3). Let j = 3 + g. What is the units digit of j?
1
Let s = 23 - 16. Let h = s - 3. What is the units digit of h?
4
Let u(o) = 2*o**2 + 4*o - 8. What is the tens digit of u(-5)?
2
Suppose -7 + 27 = -2*w. Let o = 10 + w. Suppose -21 = -q - o*q. What is the tens digit of q?
2
Suppose -2*k + 0*k - 22 = -3*a, 10 = 5*a. Let g be (12/k)/(1/(-6)). What is the units digit of ((-4)/6)/((-2)/g)?
3
Let d(k) = -6*k - 13. What is the tens digit of d(-11)?
5
Suppose 3*r - 2*r - 6 = 0. Suppose -3*l = -r*l + 15. What is the units digit of l?
5
Let p = 5 - 2. Suppose 31 + 22 = 4*j - 3*g, -3*g - 36 = -p*j. What is the units digit of j?
7
Suppose -5*p + 4*m + 141 = 0, 4*m = 5 -